{"id":1168,"date":"2021-09-03T21:04:50","date_gmt":"2021-09-03T19:04:50","guid":{"rendered":"http:\/\/psychologue-chloehamelin.com\/index.php\/page-simple\/"},"modified":"2022-11-28T18:33:27","modified_gmt":"2022-11-28T16:33:27","slug":"page-simple","status":"publish","type":"page","link":"https:\/\/psychologue-chloehamelin.com\/index.php\/page-simple\/","title":{"rendered":"Page simple"},"content":{"rendered":"\t\t<div data-elementor-type=\"wp-page\" data-elementor-id=\"1168\" class=\"elementor elementor-1168\">\n\t\t\t\t\t\t\t\t\t<section class=\"elementor-section elementor-top-section elementor-element elementor-element-3f4f306c elementor-reverse-mobile elementor-section-full_width elementor-section-height-default elementor-section-height-default\" data-id=\"3f4f306c\" data-element_type=\"section\" data-settings=\"{&quot;background_background&quot;:&quot;classic&quot;}\">\n\t\t\t\t\t\t\t<div class=\"elementor-background-overlay\"><\/div>\n\t\t\t\t\t\t\t<div class=\"elementor-container elementor-column-gap-default\">\n\t\t\t\t\t<div class=\"elementor-column elementor-col-25 elementor-top-column elementor-element elementor-element-74089f15 elementor-hidden-phone\" data-id=\"74089f15\" data-element_type=\"column\" data-settings=\"{&quot;background_background&quot;:&quot;classic&quot;}\">\n\t\t\t<div class=\"elementor-widget-wrap\">\n\t\t\t\t\t\t\t\t\t<\/div>\n\t\t<\/div>\n\t\t\t\t<div class=\"elementor-column elementor-col-25 elementor-top-column elementor-element elementor-element-1bca7712\" data-id=\"1bca7712\" data-element_type=\"column\">\n\t\t\t<div class=\"elementor-widget-wrap elementor-element-populated\">\n\t\t\t\t\t\t\t\t<div class=\"elementor-element elementor-element-3fe44a19 elementor-invisible elementor-widget elementor-widget-image\" data-id=\"3fe44a19\" data-element_type=\"widget\" data-settings=\"{&quot;_animation&quot;:&quot;fadeIn&quot;}\" data-widget_type=\"image.default\">\n\t\t\t\t<div class=\"elementor-widget-container\">\n\t\t\t<style>\/*! elementor - v3.7.7 - 20-09-2022 *\/\n.elementor-widget-image{text-align:center}.elementor-widget-image a{display:inline-block}.elementor-widget-image a img[src$=\".svg\"]{width:48px}.elementor-widget-image img{vertical-align:middle;display:inline-block}<\/style>\t\t\t\t\t\t\t\t\t\t\t\t<img loading=\"lazy\" decoding=\"async\" width=\"640\" height=\"427\" src=\"https:\/\/psychologue-chloehamelin.com\/wp-content\/uploads\/2022\/10\/artur-aldyrkhanov-3bwMp-TyxOE-unsplash.jpg\" class=\"attachment-full size-full\" alt=\"\" srcset=\"https:\/\/psychologue-chloehamelin.com\/wp-content\/uploads\/2022\/10\/artur-aldyrkhanov-3bwMp-TyxOE-unsplash.jpg 640w, https:\/\/psychologue-chloehamelin.com\/wp-content\/uploads\/2022\/10\/artur-aldyrkhanov-3bwMp-TyxOE-unsplash-300x200.jpg 300w, https:\/\/psychologue-chloehamelin.com\/wp-content\/uploads\/2022\/10\/artur-aldyrkhanov-3bwMp-TyxOE-unsplash-600x400.jpg 600w\" sizes=\"auto, (max-width: 640px) 100vw, 640px\" \/>\t\t\t\t\t\t\t\t\t\t\t\t\t\t\t<\/div>\n\t\t\t\t<\/div>\n\t\t\t\t\t<\/div>\n\t\t<\/div>\n\t\t\t\t<div class=\"elementor-column elementor-col-25 elementor-top-column elementor-element elementor-element-7d44889c\" data-id=\"7d44889c\" data-element_type=\"column\">\n\t\t\t<div class=\"elementor-widget-wrap elementor-element-populated\">\n\t\t\t\t\t\t\t\t<div class=\"elementor-element elementor-element-263fc9c6 elementor-widget elementor-widget-heading\" data-id=\"263fc9c6\" data-element_type=\"widget\" data-widget_type=\"heading.default\">\n\t\t\t\t<div class=\"elementor-widget-container\">\n\t\t\t<style>\/*! elementor - v3.7.7 - 20-09-2022 *\/\n.elementor-heading-title{padding:0;margin:0;line-height:1}.elementor-widget-heading .elementor-heading-title[class*=elementor-size-]>a{color:inherit;font-size:inherit;line-height:inherit}.elementor-widget-heading .elementor-heading-title.elementor-size-small{font-size:15px}.elementor-widget-heading .elementor-heading-title.elementor-size-medium{font-size:19px}.elementor-widget-heading .elementor-heading-title.elementor-size-large{font-size:29px}.elementor-widget-heading .elementor-heading-title.elementor-size-xl{font-size:39px}.elementor-widget-heading .elementor-heading-title.elementor-size-xxl{font-size:59px}<\/style><h1 class=\"elementor-heading-title elementor-size-default\">Accompagnement des enfants<\/h1>\t\t<\/div>\n\t\t\t\t<\/div>\n\t\t\t\t<div class=\"elementor-element elementor-element-2f54242d elementor-widget elementor-widget-text-editor\" data-id=\"2f54242d\" data-element_type=\"widget\" data-widget_type=\"text-editor.default\">\n\t\t\t\t<div class=\"elementor-widget-container\">\n\t\t\t<style>\/*! elementor - v3.7.7 - 20-09-2022 *\/\n.elementor-widget-text-editor.elementor-drop-cap-view-stacked .elementor-drop-cap{background-color:#818a91;color:#fff}.elementor-widget-text-editor.elementor-drop-cap-view-framed .elementor-drop-cap{color:#818a91;border:3px solid;background-color:transparent}.elementor-widget-text-editor:not(.elementor-drop-cap-view-default) .elementor-drop-cap{margin-top:8px}.elementor-widget-text-editor:not(.elementor-drop-cap-view-default) .elementor-drop-cap-letter{width:1em;height:1em}.elementor-widget-text-editor .elementor-drop-cap{float:left;text-align:center;line-height:1;font-size:50px}.elementor-widget-text-editor .elementor-drop-cap-letter{display:inline-block}<\/style>\t\t\t\t\t\t\t\t\t\t<\/div>\n\t\t\t\t<\/div>\n\t\t\t\t\t<\/div>\n\t\t<\/div>\n\t\t\t\t<div class=\"elementor-column elementor-col-25 elementor-top-column elementor-element elementor-element-176f9e58 elementor-hidden-tablet elementor-hidden-phone\" data-id=\"176f9e58\" data-element_type=\"column\">\n\t\t\t<div class=\"elementor-widget-wrap\">\n\t\t\t\t\t\t\t\t\t<\/div>\n\t\t<\/div>\n\t\t\t\t\t\t\t<\/div>\n\t\t<\/section>\n\t\t\t\t<section class=\"elementor-section elementor-top-section elementor-element elementor-element-5e7fa78a elementor-reverse-mobile elementor-section-boxed elementor-section-height-default elementor-section-height-default\" data-id=\"5e7fa78a\" data-element_type=\"section\" data-settings=\"{&quot;background_background&quot;:&quot;classic&quot;}\">\n\t\t\t\t\t\t\t<div class=\"elementor-background-overlay\"><\/div>\n\t\t\t\t\t\t\t<div class=\"elementor-container elementor-column-gap-default\">\n\t\t\t\t\t<div class=\"elementor-column elementor-col-50 elementor-top-column elementor-element elementor-element-1faecf9\" data-id=\"1faecf9\" data-element_type=\"column\">\n\t\t\t<div class=\"elementor-widget-wrap elementor-element-populated\">\n\t\t\t\t\t\t\t\t<div class=\"elementor-element elementor-element-48aa3d12 elementor-widget elementor-widget-heading\" data-id=\"48aa3d12\" data-element_type=\"widget\" data-widget_type=\"heading.default\">\n\t\t\t\t<div class=\"elementor-widget-container\">\n\t\t\t<h2 class=\"elementor-heading-title elementor-size-default\">Le d\u00e9veloppement d'un enfant<\/h2>\t\t<\/div>\n\t\t\t\t<\/div>\n\t\t\t\t<div class=\"elementor-element elementor-element-3f7ceb32 elementor-widget elementor-widget-text-editor\" data-id=\"3f7ceb32\" data-element_type=\"widget\" data-widget_type=\"text-editor.default\">\n\t\t\t\t<div class=\"elementor-widget-container\">\n\t\t\t\t\t\t\t<p>L&rsquo;enfance correspond \u00e0 la p\u00e9riode o\u00f9 votre enfant se construit et se d\u00e9veloppe aussi bien physiquement que psychiquement.\u00a0<\/p><p>L&rsquo;enfant, tout comme l&rsquo;adulte peut traverser des p\u00e9riodes compliqu\u00e9es qui n\u00e9cessitent l&rsquo;appuie d&rsquo;un professionnel pour pouvoir comprendre ce qu&rsquo;il se passe pour lui.\u00a0<\/p><p>Le travail du psychologue va justement permettre \u00e0 votre enfant d&rsquo;exprimer ce qu&rsquo;il vit et ce qu&rsquo;il comprend de la situation. De plus, le psychologue conna\u00eet les \u00e9tapes du d\u00e9veloppement de l&rsquo;enfant et sait s&rsquo;adapter \u00e0 son niveau de compr\u00e9hension ainsi qu&rsquo;\u00e0 ses modes de communication.\u00a0<\/p>\t\t\t\t\t\t<\/div>\n\t\t\t\t<\/div>\n\t\t\t\t\t<\/div>\n\t\t<\/div>\n\t\t\t\t<div class=\"elementor-column elementor-col-50 elementor-top-column elementor-element elementor-element-355f06b1\" data-id=\"355f06b1\" data-element_type=\"column\">\n\t\t\t<div class=\"elementor-widget-wrap elementor-element-populated\">\n\t\t\t\t\t\t\t\t<div class=\"elementor-element elementor-element-7a208b91 elementor-invisible elementor-widget elementor-widget-image\" data-id=\"7a208b91\" data-element_type=\"widget\" data-settings=\"{&quot;_animation&quot;:&quot;fadeInUp&quot;}\" data-widget_type=\"image.default\">\n\t\t\t\t<div class=\"elementor-widget-container\">\n\t\t\t\t\t\t\t\t\t\t\t\t\t\t\t<img loading=\"lazy\" decoding=\"async\" width=\"488\" height=\"598\" src=\"https:\/\/psychologue-chloehamelin.com\/wp-content\/uploads\/2022\/10\/enfant-1.png\" class=\"attachment-medium_large size-medium_large\" alt=\"\" srcset=\"https:\/\/psychologue-chloehamelin.com\/wp-content\/uploads\/2022\/10\/enfant-1.png 488w, https:\/\/psychologue-chloehamelin.com\/wp-content\/uploads\/2022\/10\/enfant-1-245x300.png 245w\" sizes=\"auto, (max-width: 488px) 100vw, 488px\" \/>\t\t\t\t\t\t\t\t\t\t\t\t\t\t\t<\/div>\n\t\t\t\t<\/div>\n\t\t\t\t<div class=\"elementor-element elementor-element-67b8f9d9 elementor-widget elementor-widget-image\" data-id=\"67b8f9d9\" data-element_type=\"widget\" data-widget_type=\"image.default\">\n\t\t\t\t<div class=\"elementor-widget-container\">\n\t\t\t\t\t\t\t\t\t\t\t\t\t\t\t<img loading=\"lazy\" decoding=\"async\" width=\"450\" height=\"225\" src=\"https:\/\/psychologue-chloehamelin.com\/wp-content\/uploads\/2022\/10\/half-circle.svg\" class=\"attachment-medium_large size-medium_large\" alt=\"\" \/>\t\t\t\t\t\t\t\t\t\t\t\t\t\t\t<\/div>\n\t\t\t\t<\/div>\n\t\t\t\t\t<\/div>\n\t\t<\/div>\n\t\t\t\t\t\t\t<\/div>\n\t\t<\/section>\n\t\t\t\t<section class=\"elementor-section elementor-top-section elementor-element elementor-element-2c3e1a7f elementor-section-boxed elementor-section-height-default elementor-section-height-default\" data-id=\"2c3e1a7f\" data-element_type=\"section\" data-settings=\"{&quot;background_background&quot;:&quot;classic&quot;}\">\n\t\t\t\t\t\t\t<div class=\"elementor-background-overlay\"><\/div>\n\t\t\t\t\t\t\t<div class=\"elementor-container elementor-column-gap-default\">\n\t\t\t\t\t<div class=\"elementor-column elementor-col-50 elementor-top-column elementor-element elementor-element-315da178\" data-id=\"315da178\" data-element_type=\"column\">\n\t\t\t<div class=\"elementor-widget-wrap elementor-element-populated\">\n\t\t\t\t\t\t\t\t<div class=\"elementor-element elementor-element-5e56ef3c elementor-invisible elementor-widget elementor-widget-image\" data-id=\"5e56ef3c\" data-element_type=\"widget\" data-settings=\"{&quot;_animation&quot;:&quot;fadeInUp&quot;}\" data-widget_type=\"image.default\">\n\t\t\t\t<div class=\"elementor-widget-container\">\n\t\t\t\t\t\t\t\t\t\t\t\t\t\t\t<img loading=\"lazy\" decoding=\"async\" width=\"488\" height=\"598\" src=\"https:\/\/psychologue-chloehamelin.com\/wp-content\/uploads\/2022\/10\/enfant-2.png\" class=\"attachment-medium_large size-medium_large\" alt=\"\" srcset=\"https:\/\/psychologue-chloehamelin.com\/wp-content\/uploads\/2022\/10\/enfant-2.png 488w, https:\/\/psychologue-chloehamelin.com\/wp-content\/uploads\/2022\/10\/enfant-2-245x300.png 245w\" sizes=\"auto, (max-width: 488px) 100vw, 488px\" \/>\t\t\t\t\t\t\t\t\t\t\t\t\t\t\t<\/div>\n\t\t\t\t<\/div>\n\t\t\t\t<div class=\"elementor-element elementor-element-64b5d615 elementor-widget elementor-widget-image\" data-id=\"64b5d615\" data-element_type=\"widget\" data-widget_type=\"image.default\">\n\t\t\t\t<div class=\"elementor-widget-container\">\n\t\t\t\t\t\t\t\t\t\t\t\t\t\t\t<img loading=\"lazy\" decoding=\"async\" width=\"450\" height=\"225\" src=\"https:\/\/psychologue-chloehamelin.com\/wp-content\/uploads\/2022\/10\/half-circle.svg\" class=\"attachment-medium_large size-medium_large\" alt=\"\" \/>\t\t\t\t\t\t\t\t\t\t\t\t\t\t\t<\/div>\n\t\t\t\t<\/div>\n\t\t\t\t\t<\/div>\n\t\t<\/div>\n\t\t\t\t<div class=\"elementor-column elementor-col-50 elementor-top-column elementor-element elementor-element-36bdcd4d\" data-id=\"36bdcd4d\" data-element_type=\"column\">\n\t\t\t<div class=\"elementor-widget-wrap elementor-element-populated\">\n\t\t\t\t\t\t\t\t<div class=\"elementor-element elementor-element-702b7ba4 elementor-widget elementor-widget-heading\" data-id=\"702b7ba4\" data-element_type=\"widget\" data-widget_type=\"heading.default\">\n\t\t\t\t<div class=\"elementor-widget-container\">\n\t\t\t<h2 class=\"elementor-heading-title elementor-size-default\">La premi\u00e8re rencontre avec le psychologue<\/h2>\t\t<\/div>\n\t\t\t\t<\/div>\n\t\t\t\t<div class=\"elementor-element elementor-element-654055c2 elementor-widget elementor-widget-text-editor\" data-id=\"654055c2\" data-element_type=\"widget\" data-widget_type=\"text-editor.default\">\n\t\t\t\t<div class=\"elementor-widget-container\">\n\t\t\t\t\t\t\t<p>La rencontre avec un psychologue peut g\u00e9n\u00e9rer de l&rsquo;appr\u00e9hension pour les parents tout comme pour l&rsquo;enfant.\u00a0<\/p><p>C&rsquo;est pour cela qu&rsquo;une premi\u00e8re rencontre avec les parents et l&rsquo;enfant peut permettre d&rsquo;instaurer un climat rassurant pour toute la famille. Ce sera l&rsquo;occasion pour vous et votre enfant d&rsquo;expliquer les motifs de votre venue.\u00a0<\/p><p>L&rsquo;\u00e9change se fait entre les parents et le psychologue mais aussi entre l&rsquo;enfant et ses parents ainsi qu&rsquo;entre les parents eux m\u00eame ou encore entre le psychologue et l&rsquo;enfant.\u00a0<\/p><p>Il s&rsquo;agit l\u00e0 d&rsquo;une v\u00e9ritable ouverture de dialogue, d&rsquo;une ouverture de premi\u00e8re rencontre o\u00f9 s&rsquo;instaure le climat d&rsquo;un espace de partage.\u00a0<\/p><p>Cela permet aussi d&rsquo;\u00e9changer sur l&rsquo;histoire de l&rsquo;enfant depuis sa naissance, il est m\u00eame possible d&rsquo;aborder la grossesse ou encore l&rsquo;accouchement. Nous pourrons aussi \u00e9changer sur son int\u00e9gration au sein de la fratrie s&rsquo;il y en a une ou bien de son int\u00e9gration \u00e0 l&rsquo;\u00e9cole etc.\u00a0<\/p><p>Le fait de pouvoir avoir ce premier rendez-vous commun va permettre \u00e0 l&rsquo;enfant d&rsquo;\u00eatre rassur\u00e9. Cet \u00e9change permettra \u00e0 chacun de donner son point de vue et cela nous permettra \u00e9galement de convenir ensemble de la fa\u00e7on dont on envisage la suite pour votre enfant.\u00a0<\/p>\t\t\t\t\t\t<\/div>\n\t\t\t\t<\/div>\n\t\t\t\t\t<\/div>\n\t\t<\/div>\n\t\t\t\t\t\t\t<\/div>\n\t\t<\/section>\n\t\t\t\t<section class=\"elementor-section elementor-top-section elementor-element elementor-element-34282790 elementor-reverse-mobile elementor-section-boxed elementor-section-height-default elementor-section-height-default\" data-id=\"34282790\" data-element_type=\"section\" data-settings=\"{&quot;background_background&quot;:&quot;classic&quot;}\">\n\t\t\t\t\t\t\t<div class=\"elementor-background-overlay\"><\/div>\n\t\t\t\t\t\t\t<div class=\"elementor-container elementor-column-gap-default\">\n\t\t\t\t\t<div class=\"elementor-column elementor-col-50 elementor-top-column elementor-element elementor-element-45a55a41\" data-id=\"45a55a41\" data-element_type=\"column\">\n\t\t\t<div class=\"elementor-widget-wrap elementor-element-populated\">\n\t\t\t\t\t\t\t\t<div class=\"elementor-element elementor-element-d353e4 elementor-widget elementor-widget-heading\" data-id=\"d353e4\" data-element_type=\"widget\" data-widget_type=\"heading.default\">\n\t\t\t\t<div class=\"elementor-widget-container\">\n\t\t\t<h2 class=\"elementor-heading-title elementor-size-default\">Une rencontre avec l'enfant en individuel <\/h2>\t\t<\/div>\n\t\t\t\t<\/div>\n\t\t\t\t<div class=\"elementor-element elementor-element-16c7d45e elementor-widget elementor-widget-text-editor\" data-id=\"16c7d45e\" data-element_type=\"widget\" data-widget_type=\"text-editor.default\">\n\t\t\t\t<div class=\"elementor-widget-container\">\n\t\t\t\t\t\t\t<p>Par la suite, si l&rsquo;enfant est d&rsquo;accord, je prends un temps pour lui en individuel. Cela me permet de continuer d&rsquo;observer l&rsquo;enfant et il est possible qu&rsquo;il exprime des choses diff\u00e9rentes sans la pr\u00e9sence de ses parents.\u00a0<\/p><p>C&rsquo;est l&rsquo;occasion d&rsquo;offrir un espace o\u00f9 l&rsquo;enfant peut prendre confiance dans le lien th\u00e9rapeutique avec moi.\u00a0<\/p><p>Certains enfants peuvent se montrer tr\u00e8s \u00e0 l&rsquo;aise avec la parole, pour d&rsquo;autres, il est parfois plus pertinent de proposer des m\u00e9diations comme le jeu ou le dessin par exemple.\u00a0<\/p><p>Ce cadre sera plus rassurant pour votre enfant afin qu&rsquo;il puisse exprimer ses \u00e9motions ou ses ressentis. Je suis en mesure de m&rsquo;adapter \u00e0 l&rsquo;\u00e2ge de l&rsquo;enfant mais aussi \u00e0 ses craintes etc.\u00a0<\/p><p>\u00a0<\/p>\t\t\t\t\t\t<\/div>\n\t\t\t\t<\/div>\n\t\t\t\t\t<\/div>\n\t\t<\/div>\n\t\t\t\t<div class=\"elementor-column elementor-col-50 elementor-top-column elementor-element elementor-element-3fcd9f7a\" data-id=\"3fcd9f7a\" data-element_type=\"column\">\n\t\t\t<div class=\"elementor-widget-wrap elementor-element-populated\">\n\t\t\t\t\t\t\t\t<div class=\"elementor-element elementor-element-3a02c64 elementor-invisible elementor-widget elementor-widget-image\" data-id=\"3a02c64\" data-element_type=\"widget\" data-settings=\"{&quot;_animation&quot;:&quot;fadeInUp&quot;}\" data-widget_type=\"image.default\">\n\t\t\t\t<div class=\"elementor-widget-container\">\n\t\t\t\t\t\t\t\t\t\t\t\t\t\t\t<img loading=\"lazy\" decoding=\"async\" width=\"488\" height=\"598\" src=\"https:\/\/psychologue-chloehamelin.com\/wp-content\/uploads\/2022\/10\/enfant-4.png\" class=\"attachment-medium_large size-medium_large\" alt=\"\" srcset=\"https:\/\/psychologue-chloehamelin.com\/wp-content\/uploads\/2022\/10\/enfant-4.png 488w, https:\/\/psychologue-chloehamelin.com\/wp-content\/uploads\/2022\/10\/enfant-4-245x300.png 245w\" sizes=\"auto, (max-width: 488px) 100vw, 488px\" \/>\t\t\t\t\t\t\t\t\t\t\t\t\t\t\t<\/div>\n\t\t\t\t<\/div>\n\t\t\t\t<div class=\"elementor-element elementor-element-3bf184e elementor-widget elementor-widget-image\" data-id=\"3bf184e\" data-element_type=\"widget\" data-widget_type=\"image.default\">\n\t\t\t\t<div class=\"elementor-widget-container\">\n\t\t\t\t\t\t\t\t\t\t\t\t\t\t\t<img loading=\"lazy\" decoding=\"async\" width=\"450\" height=\"225\" src=\"https:\/\/psychologue-chloehamelin.com\/wp-content\/uploads\/2022\/10\/half-circle.svg\" class=\"attachment-medium_large size-medium_large\" alt=\"\" \/>\t\t\t\t\t\t\t\t\t\t\t\t\t\t\t<\/div>\n\t\t\t\t<\/div>\n\t\t\t\t\t<\/div>\n\t\t<\/div>\n\t\t\t\t\t\t\t<\/div>\n\t\t<\/section>\n\t\t\t\t<section class=\"elementor-section elementor-top-section elementor-element elementor-element-1c259276 elementor-section-boxed elementor-section-height-default elementor-section-height-default\" data-id=\"1c259276\" data-element_type=\"section\" id=\"start\" data-settings=\"{&quot;background_background&quot;:&quot;classic&quot;}\">\n\t\t\t\t\t\t\t<div class=\"elementor-background-overlay\"><\/div>\n\t\t\t\t\t\t\t<div class=\"elementor-container elementor-column-gap-default\">\n\t\t\t\t\t<div class=\"elementor-column elementor-col-100 elementor-top-column elementor-element elementor-element-2ee50601\" data-id=\"2ee50601\" data-element_type=\"column\">\n\t\t\t<div class=\"elementor-widget-wrap elementor-element-populated\">\n\t\t\t\t\t\t\t\t<div class=\"elementor-element elementor-element-15239e06 elementor-widget elementor-widget-heading\" data-id=\"15239e06\" data-element_type=\"widget\" data-widget_type=\"heading.default\">\n\t\t\t\t<div class=\"elementor-widget-container\">\n\t\t\t<h2 class=\"elementor-heading-title elementor-size-default\">Ma mission<\/h2>\t\t<\/div>\n\t\t\t\t<\/div>\n\t\t\t\t<div class=\"elementor-element elementor-element-56c2265b elementor-widget elementor-widget-heading\" data-id=\"56c2265b\" data-element_type=\"widget\" data-widget_type=\"heading.default\">\n\t\t\t\t<div class=\"elementor-widget-container\">\n\t\t\t<p class=\"elementor-heading-title elementor-size-default\">Comment je peux vous accompagner<\/p>\t\t<\/div>\n\t\t\t\t<\/div>\n\t\t\t\t<div class=\"elementor-element elementor-element-1182332a elementor-widget elementor-widget-text-editor\" data-id=\"1182332a\" data-element_type=\"widget\" data-widget_type=\"text-editor.default\">\n\t\t\t\t<div class=\"elementor-widget-container\">\n\t\t\t\t\t\t\t<p>Le travail th\u00e9rapeutique avec un enfant s&rsquo;\u00e9labore en co-construction avec ses parents. J&rsquo;ai aussi besoin d&rsquo;\u00e9changer avec les parents pour mieux comprendre la situation et pour partager mon impression clinique globale. Il n&rsquo;est pas toujours \u00e9vident d&rsquo;estimer au bout d&rsquo;une premi\u00e8re s\u00e9ance le nombre s\u00e9ances dont l&rsquo;enfant peut avoir besoin par la suite.&nbsp;<\/p>\n<p>Cependant, je propose de faire des points r\u00e9guliers avec les parents pour partager mes impressions etc. Dans l&rsquo;id\u00e9al lors de la premi\u00e8re rencontre il est toujours mieux de recevoir les deux parents pour vraiment pouvoir \u00e9changer sur l&rsquo;histoire de l&rsquo;enfant.&nbsp;<\/p>\n<p>La particularit\u00e9 de l&rsquo;accompagnement d&rsquo;un enfant c&rsquo;est ce travail d&rsquo;\u00e9quipe qui s&rsquo;op\u00e8re entre les parents, l&rsquo;enfant et moi-m\u00eame pour pouvoir avancer efficacement et permettre \u00e0 l&rsquo;enfant d&rsquo;aller mieux.<\/p>\t\t\t\t\t\t<\/div>\n\t\t\t\t<\/div>\n\t\t\t\t\t<\/div>\n\t\t<\/div>\n\t\t\t\t\t\t\t<\/div>\n\t\t<\/section>\n\t\t\t\t\t\t\t<\/div>\n\t\t","protected":false},"excerpt":{"rendered":"<p>Accompagnement des enfants Le d\u00e9veloppement d&rsquo;un enfant L&rsquo;enfance correspond \u00e0 la p\u00e9riode o\u00f9 votre enfant se construit et se d\u00e9veloppe aussi bien physiquement que psychiquement.\u00a0 L&rsquo;enfant, tout comme l&rsquo;adulte peut traverser des p\u00e9riodes compliqu\u00e9es qui n\u00e9cessitent l&rsquo;appuie d&rsquo;un professionnel pour pouvoir comprendre ce qu&rsquo;il se passe pour lui.\u00a0 Le travail du psychologue va justement permettre [&hellip;]<\/p>\n","protected":false},"author":1,"featured_media":0,"parent":0,"menu_order":0,"comment_status":"closed","ping_status":"closed","template":"elementor_header_footer","meta":{"_monsterinsights_skip_tracking":false,"_monsterinsights_sitenote_active":false,"_monsterinsights_sitenote_note":"","_monsterinsights_sitenote_category":0,"footnotes":""},"class_list":["post-1168","page","type-page","status-publish","hentry"],"_links":{"self":[{"href":"https:\/\/psychologue-chloehamelin.com\/index.php\/wp-json\/wp\/v2\/pages\/1168","targetHints":{"allow":["GET"]}}],"collection":[{"href":"https:\/\/psychologue-chloehamelin.com\/index.php\/wp-json\/wp\/v2\/pages"}],"about":[{"href":"https:\/\/psychologue-chloehamelin.com\/index.php\/wp-json\/wp\/v2\/types\/page"}],"author":[{"embeddable":true,"href":"https:\/\/psychologue-chloehamelin.com\/index.php\/wp-json\/wp\/v2\/users\/1"}],"replies":[{"embeddable":true,"href":"https:\/\/psychologue-chloehamelin.com\/index.php\/wp-json\/wp\/v2\/comments?post=1168"}],"version-history":[{"count":57,"href":"https:\/\/psychologue-chloehamelin.com\/index.php\/wp-json\/wp\/v2\/pages\/1168\/revisions"}],"predecessor-version":[{"id":1921,"href":"https:\/\/psychologue-chloehamelin.com\/index.php\/wp-json\/wp\/v2\/pages\/1168\/revisions\/1921"}],"wp:attachment":[{"href":"https:\/\/psychologue-chloehamelin.com\/index.php\/wp-json\/wp\/v2\/media?parent=1168"}],"curies":[{"name":"wp","href":"https:\/\/api.w.org\/{rel}","templated":true}]}}